{"id":776,"date":"2012-11-28T00:46:51","date_gmt":"2012-11-28T00:46:51","guid":{"rendered":"http:\/\/www.odysseus-contests.eu\/?page_id=776"},"modified":"2013-01-19T14:09:23","modified_gmt":"2013-01-19T14:09:23","slug":"instrukcje-odnosnie-uczestnictwa-w-konkursie","status":"publish","type":"page","link":"https:\/\/www.odysseus-contests.eu\/?page_id=776","title":{"rendered":"Instrukcje odno\u015bnie uczestnictwa w konkursie"},"content":{"rendered":"<p><strong>Rejestracja zespo\u0142\u00f3w<\/strong><\/p>\n<p>W celu wzi\u0119cia udzia\u0142u w konkursie Odyseusz musisz by\u0107 cz\u0142onkiem zespo\u0142u 2-5 uczni\u00f3w. Do ka\u017cdego zespo\u0142u uczestnicz\u0105cego w konkursie nale\u017cy przyporz\u0105dkowa\u0107 nauczyciela w roli trenera. Mo\u017cecie zarejestrowa\u0107 swoj\u0105 dru\u017cyn\u0119 do udzia\u0142u w konkursie tylko na stronie internetowej <a href=\"http:\/\/www.odysseus-contests.eu\/?page_id=221&amp;action=register\">\u00a0Odyseusz<\/a>.<\/p>\n<p>Nale\u017cy poda\u0107 wa\u017cne konto e-mail dla wszystkich cz\u0142onk\u00f3w zespo\u0142u. Ponadto ka\u017cdy cz\u0142onek zespo\u0142u powinien potwierdzi\u0107 elektronicznie jego \/ jej rejestracj\u0119 i has\u0142o do jego \/ jej konta. Nale\u017cy r\u00f3wnie\u017c przedstawi\u0107 pewne informacje o rejestracji, w tym daty urodzenia uczni\u00f3w i szko\u0142y, do kt\u00f3rych ucz\u0119szczaj\u0105.<\/p>\n<p>Przed wype\u0142nieniem formularza rejestracji uczniowie powinni wraz z nauczycielem \/ trenerem uwa\u017cnie przeczyta\u0107 <a href=\"http:\/\/www.odysseus-contests.eu\/?page_id=60\">Regulamin konkursu Odyseusz<\/a> oraz <a href=\"http:\/\/www.odysseus-contests.eu\/?page_id=314\">Warunki prawne<\/a>. Uczniowie powinni\u00a0 uzyska\u0107 zgod\u0119 rodzica lub opiekuna prawnego na udzia\u0142 w konkursie, a zatem w celu zatwierdzenia rejestracji swojego zespo\u0142u nale\u017cy przedstawi\u0107 trenerowi zespo\u0142u wype\u0142niony formularz zgody rodzicielskiej, podpisany przez rodzica lub opiekuna prawnego. Na koniec trener zespo\u0142u powinien w imieniu ca\u0142ego swojego zespo\u0142u wyrazi\u0107 zgod\u0119 na przestrzeganie <a href=\"http:\/\/www.odysseus-contests.eu\/?page_id=60\">Regulaminu konkursu Odyseusz<\/a> oraz <a href=\"http:\/\/www.odysseus-contests.eu\/?page_id=314\">Warunk\u00f3w prawnych<\/a><\/p>\n<p><strong>Opracowanie projektu<\/strong><\/p>\n<p>Najpierw uczestnicy powinni wybra\u0107 kategori\u0119 tematyczn\u0105 w kt\u00f3rej chcieliby rywalizowa\u0107 (a) Uk\u0142ad s\u0142oneczny, b) Statek kosmiczny &#8211; globalna wsp\u00f3\u0142praca i c) Koewolucja \u017cycia). Nast\u0119pnie warto pomy\u015ble\u0107 o konkretnym zagadnieniu (konkretnych zagadnieniach) lub problemie (problemach), kt\u00f3ry (kt\u00f3re) chcecie zbada\u0107 i wybra\u0107 rodzaj projektu, kt\u00f3ry chcecie opracowa\u0107 (eksperyment, film wideo, prototyp, prezentacja itp.). Potem nale\u017cy zebra\u0107 informacje na temat wybranego zagadnienia (poszukajcie ich w bibliotekach i w Internecie, w obserwacjach poczynionych przez badaczy i eksperymentach, wywiadach, itp.) i zaprojektowa\u0107 rozwi\u0105zanie lub ko\u0144cowy projekt. Skonsultujcie si\u0119 z trenerem na temat wykonalno\u015bci projektu, zasadno\u015bci naukowej waszego pomys\u0142u i podzia\u0142u pracy mi\u0119dzy cz\u0142onkami zespo\u0142u. \u00a0Projekt nale\u017cy opracowa\u0107 zgodnie z wymogami konkursu Odyseusz i upewni\u0107 si\u0119, \u017ce nie dokonano plagiatu. <strong><\/strong><\/p>\n<p>Nale\u017cy udokumentowa\u0107, \u017ce projekt jest innowacyjny i odpowiedni dla wybranej kategorii tematycznej. Nale\u017cy wykorzystywa\u0107 informacje i dane zebrane podczas udzielania wywiad\u00f3w, eksperyment\u00f3w, obserwacji i pracy w bibliotece lub w Internecie. Zaleca si\u0119, aby<a href=\"http:\/\/www.odysseus-contests.eu\/?page_id=432\"> arkusz projektu<\/a> zosta\u0142 wype\u0142niony w jednym z j\u0119zyk\u00f3w urz\u0119dowych UE. Nale\u017cy przedstawi\u0107 wszelkie materia\u0142y \u017ar\u00f3d\u0142owe, kt\u00f3re by\u0142y niezb\u0119dne dla opracowania projektu. Szablony <a href=\"http:\/\/www.odysseus-contests.eu\/?page_id=432\">arkusza projektu<\/a> mo\u017cna pobra\u0107 ze <a href=\"http:\/\/www.odysseus-contests.eu\/?page_id=432\">strony internetowej<\/a> Konkursu Odyseusz.<\/p>\n<p>Sprawd\u017acie wyniki i prezentacj\u0119 projektu z trenerem i w razie potrzeby je skorygujcie. Przed zg\u0142oszeniem projektu przedyskutujcie z trenerem to jak opracowali\u015bcie i skorygowali\u015bcie wasz projekt w oparciu o wasze bada\u0144 i wiedz\u0119, kt\u00f3r\u0105 opanowali\u015bcie w szkole.<\/p>\n<p><strong>Zg\u0142oszenie projektu<\/strong><\/p>\n<p>Za\u0142\u0105cz sw\u00f3j projekt na platformie konkursu Odyseusz post\u0119puj\u0105c zgodnie z instrukcjami w zakresie zg\u0142aszania projektu, kt\u00f3re zosta\u0142y przedstawione w odpowiednich zak\u0142adkach na stronie konkursu. \u00a0\u00a0\u00a0Arkusz projektu powinien zosta\u0107 za\u0142\u0105czony w szablonie dostarczonym przez organizator\u00f3w.<\/p>\n<p>Wasza praca nie b\u0119dzie oceniana na podstawie d\u0142ugo\u015bci projektu, ale na podstawie og\u00f3lnej jako\u015bci, analizy i prezentacji waszego zg\u0142oszenia. Mo\u017cecie wprowadzi\u0107 zmiany w zg\u0142oszonej pracy do dnia zako\u0144czenia przyjmowania zg\u0142osze\u0144 (do p\u00f3\u0142nocy (CET) dnia 15 luty\u00a02013 r.). Zach\u0119camy do szybkiego przesy\u0142ania zg\u0142osze\u0144 w postaci wst\u0119pnego projektu i p\u00f3\u017aniejszego wprowadzania ewentualnych zmian (do dnia zako\u0144czenia przyjmowania zg\u0142osze\u0144).<\/p>\n<p>Nale\u017cy pami\u0119ta\u0107, \u017ce mo\u017cna przedstawi\u0107 tylko jedn\u0105 prac\u0119, wi\u0119c za ka\u017cdym razem gdy przesy\u0142acie now\u0105 wersj\u0119 zg\u0142oszenia poprzednie wersje s\u0105 usuwane z platformy konkursowej Odyseusz. Upewnijcie si\u0119, \u017ce posiadacie kopie zapasowe najnowszej wersji projektu. Wszyscy cz\u0142onkowie zespo\u0142u otrzymaj\u0105 powiadomienie e-mail za ka\u017cdym razem, gdy zostanie przes\u0142ana nowa wersja zg\u0142oszenia. Je\u015bli zakwalifikujecie si\u0119 do fina\u0142u musicie\u00a0 przed\u0142o\u017cy\u0107 podsumowanie lub t\u0142umaczenie ca\u0142ego projektu w j\u0119zyku angielskim.<\/p>\n","protected":false},"excerpt":{"rendered":"<p>Rejestracja zespo\u0142\u00f3w W celu wzi\u0119cia udzia\u0142u w konkursie Odyseusz musisz by\u0107 cz\u0142onkiem zespo\u0142u 2-5 uczni\u00f3w. Do ka\u017cdego zespo\u0142u uczestnicz\u0105cego w konkursie nale\u017cy przyporz\u0105dkowa\u0107 nauczyciela w roli trenera. Mo\u017cecie zarejestrowa\u0107 swoj\u0105 dru\u017cyn\u0119 do udzia\u0142u w konkursie tylko na stronie internetowej \u00a0Odyseusz. Nale\u017cy poda\u0107 wa\u017cne konto e-mail dla wszystkich cz\u0142onk\u00f3w zespo\u0142u. Ponadto ka\u017cdy cz\u0142onek zespo\u0142u powinien potwierdzi\u0107 [&hellip;]<\/p>\n","protected":false},"author":1,"featured_media":0,"parent":123,"menu_order":0,"comment_status":"closed","ping_status":"open","template":"","meta":[],"_links":{"self":[{"href":"https:\/\/www.odysseus-contests.eu\/index.php?rest_route=\/wp\/v2\/pages\/776"}],"collection":[{"href":"https:\/\/www.odysseus-contests.eu\/index.php?rest_route=\/wp\/v2\/pages"}],"about":[{"href":"https:\/\/www.odysseus-contests.eu\/index.php?rest_route=\/wp\/v2\/types\/page"}],"author":[{"embeddable":true,"href":"https:\/\/www.odysseus-contests.eu\/index.php?rest_route=\/wp\/v2\/users\/1"}],"replies":[{"embeddable":true,"href":"https:\/\/www.odysseus-contests.eu\/index.php?rest_route=%2Fwp%2Fv2%2Fcomments&post=776"}],"version-history":[{"count":3,"href":"https:\/\/www.odysseus-contests.eu\/index.php?rest_route=\/wp\/v2\/pages\/776\/revisions"}],"predecessor-version":[{"id":780,"href":"https:\/\/www.odysseus-contests.eu\/index.php?rest_route=\/wp\/v2\/pages\/776\/revisions\/780"}],"up":[{"embeddable":true,"href":"https:\/\/www.odysseus-contests.eu\/index.php?rest_route=\/wp\/v2\/pages\/123"}],"wp:attachment":[{"href":"https:\/\/www.odysseus-contests.eu\/index.php?rest_route=%2Fwp%2Fv2%2Fmedia&parent=776"}],"curies":[{"name":"wp","href":"https:\/\/api.w.org\/{rel}","templated":true}]}}