{"id":991,"date":"2013-01-23T14:30:58","date_gmt":"2013-01-23T14:30:58","guid":{"rendered":"http:\/\/www.odysseus-contests.eu\/?page_id=991"},"modified":"2013-01-23T14:30:58","modified_gmt":"2013-01-23T14:30:58","slug":"deltagelsesinstruktioner","status":"publish","type":"page","link":"https:\/\/www.odysseus-contests.eu\/?page_id=991","title":{"rendered":"Deltagelsesinstruktioner"},"content":{"rendered":"<p><strong>Holdregistrering<\/strong><\/p>\n<p>For at deltage i Odysseus-konkurrencen skal du v\u00e6re medlem af et hold p\u00e5 2-5 studerende.\u00a0 Hold, der deltager i konkurrencen skal have en l\u00e6rer som vejleder.\u00a0 Du kan kun registrere dit hold i konkurrencen gennem <a href=\"http:\/\/www.odysseus-contests.eu\/?page_id=221&amp;action=register\">Odysseus-webstedet<\/a>.<\/p>\n<p>Du skal give en gyldig e-mailkonto for alle holdmedlemmer, og hvert holdmedlem skal elektronisk bekr\u00e6fte sin registrering og adgangskoden til sit holds konto.\u00a0 Du skal ogs\u00e5 give visse registreringsoplysninger, herunder jeres f\u00f8dselsdatoer og skolen, i g\u00e5r i.<\/p>\n<p>Studerende skal gennemg\u00e5 <a href=\"http:\/\/www.odysseus-contests.eu\/?page_id=60\">Reglerne for Odysseus-konkurrencen<\/a> samt <a href=\"http:\/\/www.odysseus-contests.eu\/?page_id=314\">de lovm\u00e6ssige vilk\u00e5r<\/a> sammen med jeres l\u00e6rer\/vejleder inden afslutning af registrering.\u00a0 Du skal f\u00e5 din for\u00e6ldres eller din v\u00e6rgers tilladelse til at deltage i konkurrencen, og derfor skal du aflevere en udfyldt <a href=\"http:\/\/www.odysseus-contests.eu\/?page_id=293\">For\u00e6ldres samtykke-formular<\/a> underskrevet af din for\u00e6ldre eller v\u00e6rge, s\u00e5 vi kan godkende dit holds registrering.\u00a0 Til sidst skal holdvejledere godkende <a href=\"http:\/\/www.odysseus-contests.eu\/?page_id=60\">Reglerne for Odysseus-konkurrencen<\/a> og <a href=\"http:\/\/www.odysseus-contests.eu\/?page_id=314\">de lovm\u00e6ssige vilk\u00e5r<\/a> p\u00e5 hele holdets vegne.<\/p>\n<p><strong>Udvikling af et projekt<\/strong><\/p>\n<p>Deltagere skal f\u00f8rst v\u00e6lge emnekategorien, hvori de ville \u00f8nske at konkurrere (a) Solsystemet, b) Globalt rumskibssamarbejde og c) Liv og co-evolution).<\/p>\n<p>Du skal derefter t\u00e6nke om den\/de specifikke emne(r) eller problem(er), som du ville \u00f8nske at udforske i og v\u00e6lge den projekttype, du \u00f8nske at udvikle (eksperiment, video, prototype, pr\u00e6sentation osv.).\u00a0 Du skal derefter forske i det valgte emne (forskning i biblioteker og online, observationer og eksperimenter, interviewer osv.) og udvikle en l\u00f8sning eller arbejdets slutprodukt.\u00a0 Sp\u00f8rg vejlederen om gennemf\u00f8rligheden og den videnskabelige gyldighed af din id\u00e9, og del arbejdet op mellem holdets medlemmer. Udvikl projektet i overensstemmelse med kravene til Odysseus-konkurrencen, og s\u00f8rg for, at du undg\u00e5r plagierede materiale.<\/p>\n<p>Freml\u00e6g bevis, der viser, hvordan projektet er innoverende og relevant til den valgte emnekategori. Brug oplysningerne og dataene, som du indsamlede ved udf\u00f8relse af interviewer, eksperimenter, observationer og forskning p\u00e5 biblioteket eller online.\u00a0 Du tilr\u00e5des at udfylde <a href=\"http:\/\/www.odysseus-contests.eu\/?page_id=432\">projektets arbejdspapir<\/a> p\u00e5 et af de officielle EU-sprog og give alle n\u00f8dvendige referencer til projektet. Skabeloner for<a href=\"http:\/\/www.odysseus-contests.eu\/?page_id=432\"> projektets arbejdspapir<\/a> kan downloades fra Odysseus-konkurrencens <a href=\"http:\/\/www.odysseus-contests.eu\/?page_id=432\">websted<\/a>.<\/p>\n<p>Afpr\u00f8v resultaterne samt pr\u00e6sentationen af projektet sammen med din vejleder, og gennemg\u00e5 det, om n\u00f8dvendigt. \u00a0F\u00f8r du afslutter det, diskuter med vejlederen, hvordan projektet blev udviklet og gennemg\u00e5et p\u00e5 basis af din forskning og viden, som blev l\u00e6rt p\u00e5 undervisningslokalet.<\/p>\n<p><strong>Indsendelse af bidrag<\/strong><\/p>\n<p>Upload projektet til Odysseus-konkurrencens platform ved at f\u00f8lge indsendelsesinstruktionerne, der er givet i den relevante sektion p\u00e5 webstedet. Det er st\u00e6rkt anbefalet at inkludere et arbejdspapir til projektet i den skabelon, der blev leveret af organisatorerne.<\/p>\n<p>Dit bidrag vil ikke vurderes p\u00e5 grundlag af projektets l\u00e6ngden, men efter den generelle kvalitet, analyse og pr\u00e6sentation af arbejdet.\u00a0 Du kan gennemg\u00e5 bidraget indtil indsendelsesfristen (midnat (CET) den 15. februar 2013).\u00a0 Vi opfordrer dig til at uploade dit bidrag s\u00e5 snart du gennemf\u00f8rer det f\u00f8rste udkast, og at du foretager eventuelle hensigtsm\u00e6ssige rettelser, indtil lukningsdatoen for bidragene.<\/p>\n<p>Bem\u00e6rk venligst, at du kun vil kunne uploade et bidrag, dvs. at hver gang du uploader en ny version af bidraget, fjernes de tidligere versioner fra Odysseus-konkurrencens platform.\u00a0\u00a0 S\u00f8rg for at lave en backupkopi af den seneste version af projektet. Alle holdmedlemmer vil modtage en notifikationsmeddelelse via e-mail fra organisatorerne, hver gang en ny version af bidraget indsendes.\u00a0 Hvis du bliver udvalgt til den sidste runde, skal du s\u00e5 indsende et abstrakt eller en overs\u00e6ttelse af hele projektet p\u00e5 engelsk.<\/p>\n","protected":false},"excerpt":{"rendered":"<p>Holdregistrering For at deltage i Odysseus-konkurrencen skal du v\u00e6re medlem af et hold p\u00e5 2-5 studerende.\u00a0 Hold, der deltager i konkurrencen skal have en l\u00e6rer som vejleder.\u00a0 Du kan kun registrere dit hold i konkurrencen gennem Odysseus-webstedet. Du skal give en gyldig e-mailkonto for alle holdmedlemmer, og hvert holdmedlem skal elektronisk bekr\u00e6fte sin registrering og [&hellip;]<\/p>\n","protected":false},"author":1,"featured_media":0,"parent":123,"menu_order":0,"comment_status":"closed","ping_status":"open","template":"","meta":[],"_links":{"self":[{"href":"https:\/\/www.odysseus-contests.eu\/index.php?rest_route=\/wp\/v2\/pages\/991"}],"collection":[{"href":"https:\/\/www.odysseus-contests.eu\/index.php?rest_route=\/wp\/v2\/pages"}],"about":[{"href":"https:\/\/www.odysseus-contests.eu\/index.php?rest_route=\/wp\/v2\/types\/page"}],"author":[{"embeddable":true,"href":"https:\/\/www.odysseus-contests.eu\/index.php?rest_route=\/wp\/v2\/users\/1"}],"replies":[{"embeddable":true,"href":"https:\/\/www.odysseus-contests.eu\/index.php?rest_route=%2Fwp%2Fv2%2Fcomments&post=991"}],"version-history":[{"count":2,"href":"https:\/\/www.odysseus-contests.eu\/index.php?rest_route=\/wp\/v2\/pages\/991\/revisions"}],"predecessor-version":[{"id":997,"href":"https:\/\/www.odysseus-contests.eu\/index.php?rest_route=\/wp\/v2\/pages\/991\/revisions\/997"}],"up":[{"embeddable":true,"href":"https:\/\/www.odysseus-contests.eu\/index.php?rest_route=\/wp\/v2\/pages\/123"}],"wp:attachment":[{"href":"https:\/\/www.odysseus-contests.eu\/index.php?rest_route=%2Fwp%2Fv2%2Fmedia&parent=991"}],"curies":[{"name":"wp","href":"https:\/\/api.w.org\/{rel}","templated":true}]}}